{"id":1511,"date":"2023-11-24T14:31:37","date_gmt":"2023-11-24T13:31:37","guid":{"rendered":"https:\/\/optimaldruk.com\/?post_type=product&#038;p=1511"},"modified":"2024-02-06T13:30:57","modified_gmt":"2024-02-06T12:30:57","slug":"30-szt-bluzy-z-kapturem-i-nadrukiem-cmykw-druk-jednostronny","status":"publish","type":"product","link":"https:\/\/optimaldruk.com\/?product=30-szt-bluzy-z-kapturem-i-nadrukiem-cmykw-druk-jednostronny","title":{"rendered":"30 szt. Bluzy z kapturem i nadrukiem CMYK+W druk jednostronny"},"content":{"rendered":"<p><strong>30. szt<\/strong>. Bluzy z kapturem &#8222;Kangurki&#8221; o gramaturze170g\/m2 z nadrukiem cyfrowym CMYK+ W.\u00a0 Rozmiar nadruku\u00a0 do 28x35cm. Druk jednostronny prz\u00f3d.\u00a0 dost\u0119pne s\u0105 r\u00f3\u017cne rozmiary i kolory bluz. Po zakupie prosz\u0119 przes\u0142a\u0107 projekt graficzny i okre\u015bli\u0107 rozmiar koszulki oraz kolor. Widoczne projekty na tej aukcji s\u0105 nasz\u0105 w\u0142asno\u015bci\u0105, istnieje mo\u017cliwo\u015b\u0107 wydrukowania ich dla Ciebie.<\/p>\n","protected":false},"excerpt":{"rendered":"<p><em>\u00a0Zdj\u0119cie pogl\u0105dowe. Bluza z kapturem i nadrukiem CMYK+W Druk jednostronny\u00a0<\/em><\/p>\n","protected":false},"featured_media":1184,"comment_status":"closed","ping_status":"closed","template":"","meta":{"_kadence_starter_templates_imported_post":false,"_kad_post_transparent":"default","_kad_post_title":"","_kad_post_layout":"default","_kad_post_sidebar_id":"","_kad_post_content_style":"default","_kad_post_vertical_padding":"default","_kad_post_feature":"","_kad_post_feature_position":"","_kad_post_header":false,"_kad_post_footer":false},"product_brand":[],"product_cat":[28,27],"product_tag":[],"class_list":{"0":"post-1511","1":"product","2":"type-product","3":"status-publish","4":"has-post-thumbnail","6":"product_cat-bluza-z-nadrukiem","7":"product_cat-koszulki-z-nadrukiem","9":"first","10":"instock","11":"taxable","12":"shipping-taxable","13":"purchasable","14":"product-type-simple","15":"entry","16":"content-bg","17":"loop-entry"},"yoast_head":"<!-- This site is optimized with the Yoast SEO plugin v27.2 - https:\/\/yoast.com\/product\/yoast-seo-wordpress\/ -->\n<title>30 szt. Bluzy z kapturem i nadrukiem CMYK+W druk jednostronny - OptimalDruk<\/title>\n<meta name=\"description\" content=\"Nadruk na p\u0142ytach cd; Nadruk na p\u0142ytach dvd; druk ulotek; druk na koszulkach; koszulki z nadrukiem; Opakowania na cd; Drukarnia cyfrowa; Druk kalendarzy; Druk ulotek; Nadruk na PCV; Nadruk na drewnie; Nadruk na bluzach\" \/>\n<meta name=\"robots\" content=\"index, follow, max-snippet:-1, max-image-preview:large, max-video-preview:-1\" \/>\n<link rel=\"canonical\" href=\"https:\/\/optimaldruk.com\/?product=30-szt-bluzy-z-kapturem-i-nadrukiem-cmykw-druk-jednostronny\" \/>\n<meta property=\"og:locale\" content=\"pl_PL\" \/>\n<meta property=\"og:type\" content=\"article\" \/>\n<meta property=\"og:title\" content=\"30 szt. Bluzy z kapturem i nadrukiem CMYK+W druk jednostronny - OptimalDruk\" \/>\n<meta property=\"og:description\" content=\"Nadruk na p\u0142ytach cd; Nadruk na p\u0142ytach dvd; druk ulotek; druk na koszulkach; koszulki z nadrukiem; Opakowania na cd; Drukarnia cyfrowa; Druk kalendarzy; Druk ulotek; Nadruk na PCV; Nadruk na drewnie; Nadruk na bluzach\" \/>\n<meta property=\"og:url\" content=\"https:\/\/optimaldruk.com\/?product=30-szt-bluzy-z-kapturem-i-nadrukiem-cmykw-druk-jednostronny\" \/>\n<meta property=\"og:site_name\" content=\"OptimalDruk\" \/>\n<meta property=\"article:modified_time\" content=\"2024-02-06T12:30:57+00:00\" \/>\n<meta property=\"og:image\" content=\"https:\/\/optimaldruk.com\/wp-content\/uploads\/2023\/10\/Bez-nazwy-2.jpg\" \/>\n\t<meta property=\"og:image:width\" content=\"591\" \/>\n\t<meta property=\"og:image:height\" content=\"461\" \/>\n\t<meta property=\"og:image:type\" content=\"image\/jpeg\" \/>\n<meta name=\"twitter:card\" content=\"summary_large_image\" \/>\n<script type=\"application\/ld+json\" class=\"yoast-schema-graph\">{\"@context\":\"https:\/\/schema.org\",\"@graph\":[{\"@type\":\"WebPage\",\"@id\":\"https:\/\/optimaldruk.com\/?product=30-szt-bluzy-z-kapturem-i-nadrukiem-cmykw-druk-jednostronny\",\"url\":\"https:\/\/optimaldruk.com\/?product=30-szt-bluzy-z-kapturem-i-nadrukiem-cmykw-druk-jednostronny\",\"name\":\"30 szt. Bluzy z kapturem i nadrukiem CMYK+W druk jednostronny - OptimalDruk\",\"isPartOf\":{\"@id\":\"https:\/\/optimaldruk.com\/#website\"},\"primaryImageOfPage\":{\"@id\":\"https:\/\/optimaldruk.com\/?product=30-szt-bluzy-z-kapturem-i-nadrukiem-cmykw-druk-jednostronny#primaryimage\"},\"image\":{\"@id\":\"https:\/\/optimaldruk.com\/?product=30-szt-bluzy-z-kapturem-i-nadrukiem-cmykw-druk-jednostronny#primaryimage\"},\"thumbnailUrl\":\"https:\/\/optimaldruk.com\/wp-content\/uploads\/2023\/10\/Bez-nazwy-2.jpg\",\"datePublished\":\"2023-11-24T13:31:37+00:00\",\"dateModified\":\"2024-02-06T12:30:57+00:00\",\"description\":\"Nadruk na p\u0142ytach cd; Nadruk na p\u0142ytach dvd; druk ulotek; druk na koszulkach; koszulki z nadrukiem; Opakowania na cd; Drukarnia cyfrowa; Druk kalendarzy; Druk ulotek; Nadruk na PCV; Nadruk na drewnie; Nadruk na bluzach\",\"breadcrumb\":{\"@id\":\"https:\/\/optimaldruk.com\/?product=30-szt-bluzy-z-kapturem-i-nadrukiem-cmykw-druk-jednostronny#breadcrumb\"},\"inLanguage\":\"pl-PL\",\"potentialAction\":[{\"@type\":\"ReadAction\",\"target\":[\"https:\/\/optimaldruk.com\/?product=30-szt-bluzy-z-kapturem-i-nadrukiem-cmykw-druk-jednostronny\"]}]},{\"@type\":\"ImageObject\",\"inLanguage\":\"pl-PL\",\"@id\":\"https:\/\/optimaldruk.com\/?product=30-szt-bluzy-z-kapturem-i-nadrukiem-cmykw-druk-jednostronny#primaryimage\",\"url\":\"https:\/\/optimaldruk.com\/wp-content\/uploads\/2023\/10\/Bez-nazwy-2.jpg\",\"contentUrl\":\"https:\/\/optimaldruk.com\/wp-content\/uploads\/2023\/10\/Bez-nazwy-2.jpg\",\"width\":591,\"height\":461,\"caption\":\"Bluza z kapturem i nadrukiem CMYK\"},{\"@type\":\"BreadcrumbList\",\"@id\":\"https:\/\/optimaldruk.com\/?product=30-szt-bluzy-z-kapturem-i-nadrukiem-cmykw-druk-jednostronny#breadcrumb\",\"itemListElement\":[{\"@type\":\"ListItem\",\"position\":1,\"name\":\"Strona g\u0142\u00f3wna\",\"item\":\"https:\/\/optimaldruk.com\/\"},{\"@type\":\"ListItem\",\"position\":2,\"name\":\"Sklep\",\"item\":\"https:\/\/optimaldruk.com\/?page_id=1134\"},{\"@type\":\"ListItem\",\"position\":3,\"name\":\"30 szt. Bluzy z kapturem i nadrukiem CMYK+W druk jednostronny\"}]},{\"@type\":\"WebSite\",\"@id\":\"https:\/\/optimaldruk.com\/#website\",\"url\":\"https:\/\/optimaldruk.com\/\",\"name\":\"OptimalDruk\",\"description\":\"Drukarnia cyfrowa nadruk na p\u0142ytach cd-r, dvd-r, nadruk na koszulkach, poligrafia, druk na drewnie, metalu, PCV\",\"publisher\":{\"@id\":\"https:\/\/optimaldruk.com\/#organization\"},\"alternateName\":\"Internetowa Drukarnia Cyfrowa\",\"potentialAction\":[{\"@type\":\"SearchAction\",\"target\":{\"@type\":\"EntryPoint\",\"urlTemplate\":\"https:\/\/optimaldruk.com\/?s={search_term_string}\"},\"query-input\":{\"@type\":\"PropertyValueSpecification\",\"valueRequired\":true,\"valueName\":\"search_term_string\"}}],\"inLanguage\":\"pl-PL\"},{\"@type\":\"Organization\",\"@id\":\"https:\/\/optimaldruk.com\/#organization\",\"name\":\"OptimalDruk\",\"alternateName\":\"Internetowa Drukarnia Cyfrowa\",\"url\":\"https:\/\/optimaldruk.com\/\",\"logo\":{\"@type\":\"ImageObject\",\"inLanguage\":\"pl-PL\",\"@id\":\"https:\/\/optimaldruk.com\/#\/schema\/logo\/image\/\",\"url\":\"https:\/\/optimaldruk.com\/wp-content\/uploads\/2023\/10\/logo-glebia-male.jpg\",\"contentUrl\":\"https:\/\/optimaldruk.com\/wp-content\/uploads\/2023\/10\/logo-glebia-male.jpg\",\"width\":157,\"height\":157,\"caption\":\"OptimalDruk\"},\"image\":{\"@id\":\"https:\/\/optimaldruk.com\/#\/schema\/logo\/image\/\"}}]}<\/script>\n<!-- \/ Yoast SEO plugin. -->","yoast_head_json":{"title":"30 szt. Bluzy z kapturem i nadrukiem CMYK+W druk jednostronny - OptimalDruk","description":"Nadruk na p\u0142ytach cd; Nadruk na p\u0142ytach dvd; druk ulotek; druk na koszulkach; koszulki z nadrukiem; Opakowania na cd; Drukarnia cyfrowa; Druk kalendarzy; Druk ulotek; Nadruk na PCV; Nadruk na drewnie; Nadruk na bluzach","robots":{"index":"index","follow":"follow","max-snippet":"max-snippet:-1","max-image-preview":"max-image-preview:large","max-video-preview":"max-video-preview:-1"},"canonical":"https:\/\/optimaldruk.com\/?product=30-szt-bluzy-z-kapturem-i-nadrukiem-cmykw-druk-jednostronny","og_locale":"pl_PL","og_type":"article","og_title":"30 szt. Bluzy z kapturem i nadrukiem CMYK+W druk jednostronny - OptimalDruk","og_description":"Nadruk na p\u0142ytach cd; Nadruk na p\u0142ytach dvd; druk ulotek; druk na koszulkach; koszulki z nadrukiem; Opakowania na cd; Drukarnia cyfrowa; Druk kalendarzy; Druk ulotek; Nadruk na PCV; Nadruk na drewnie; Nadruk na bluzach","og_url":"https:\/\/optimaldruk.com\/?product=30-szt-bluzy-z-kapturem-i-nadrukiem-cmykw-druk-jednostronny","og_site_name":"OptimalDruk","article_modified_time":"2024-02-06T12:30:57+00:00","og_image":[{"width":591,"height":461,"url":"https:\/\/optimaldruk.com\/wp-content\/uploads\/2023\/10\/Bez-nazwy-2.jpg","type":"image\/jpeg"}],"twitter_card":"summary_large_image","schema":{"@context":"https:\/\/schema.org","@graph":[{"@type":"WebPage","@id":"https:\/\/optimaldruk.com\/?product=30-szt-bluzy-z-kapturem-i-nadrukiem-cmykw-druk-jednostronny","url":"https:\/\/optimaldruk.com\/?product=30-szt-bluzy-z-kapturem-i-nadrukiem-cmykw-druk-jednostronny","name":"30 szt. Bluzy z kapturem i nadrukiem CMYK+W druk jednostronny - OptimalDruk","isPartOf":{"@id":"https:\/\/optimaldruk.com\/#website"},"primaryImageOfPage":{"@id":"https:\/\/optimaldruk.com\/?product=30-szt-bluzy-z-kapturem-i-nadrukiem-cmykw-druk-jednostronny#primaryimage"},"image":{"@id":"https:\/\/optimaldruk.com\/?product=30-szt-bluzy-z-kapturem-i-nadrukiem-cmykw-druk-jednostronny#primaryimage"},"thumbnailUrl":"https:\/\/optimaldruk.com\/wp-content\/uploads\/2023\/10\/Bez-nazwy-2.jpg","datePublished":"2023-11-24T13:31:37+00:00","dateModified":"2024-02-06T12:30:57+00:00","description":"Nadruk na p\u0142ytach cd; Nadruk na p\u0142ytach dvd; druk ulotek; druk na koszulkach; koszulki z nadrukiem; Opakowania na cd; Drukarnia cyfrowa; Druk kalendarzy; Druk ulotek; Nadruk na PCV; Nadruk na drewnie; Nadruk na bluzach","breadcrumb":{"@id":"https:\/\/optimaldruk.com\/?product=30-szt-bluzy-z-kapturem-i-nadrukiem-cmykw-druk-jednostronny#breadcrumb"},"inLanguage":"pl-PL","potentialAction":[{"@type":"ReadAction","target":["https:\/\/optimaldruk.com\/?product=30-szt-bluzy-z-kapturem-i-nadrukiem-cmykw-druk-jednostronny"]}]},{"@type":"ImageObject","inLanguage":"pl-PL","@id":"https:\/\/optimaldruk.com\/?product=30-szt-bluzy-z-kapturem-i-nadrukiem-cmykw-druk-jednostronny#primaryimage","url":"https:\/\/optimaldruk.com\/wp-content\/uploads\/2023\/10\/Bez-nazwy-2.jpg","contentUrl":"https:\/\/optimaldruk.com\/wp-content\/uploads\/2023\/10\/Bez-nazwy-2.jpg","width":591,"height":461,"caption":"Bluza z kapturem i nadrukiem CMYK"},{"@type":"BreadcrumbList","@id":"https:\/\/optimaldruk.com\/?product=30-szt-bluzy-z-kapturem-i-nadrukiem-cmykw-druk-jednostronny#breadcrumb","itemListElement":[{"@type":"ListItem","position":1,"name":"Strona g\u0142\u00f3wna","item":"https:\/\/optimaldruk.com\/"},{"@type":"ListItem","position":2,"name":"Sklep","item":"https:\/\/optimaldruk.com\/?page_id=1134"},{"@type":"ListItem","position":3,"name":"30 szt. Bluzy z kapturem i nadrukiem CMYK+W druk jednostronny"}]},{"@type":"WebSite","@id":"https:\/\/optimaldruk.com\/#website","url":"https:\/\/optimaldruk.com\/","name":"OptimalDruk","description":"Drukarnia cyfrowa nadruk na p\u0142ytach cd-r, dvd-r, nadruk na koszulkach, poligrafia, druk na drewnie, metalu, PCV","publisher":{"@id":"https:\/\/optimaldruk.com\/#organization"},"alternateName":"Internetowa Drukarnia Cyfrowa","potentialAction":[{"@type":"SearchAction","target":{"@type":"EntryPoint","urlTemplate":"https:\/\/optimaldruk.com\/?s={search_term_string}"},"query-input":{"@type":"PropertyValueSpecification","valueRequired":true,"valueName":"search_term_string"}}],"inLanguage":"pl-PL"},{"@type":"Organization","@id":"https:\/\/optimaldruk.com\/#organization","name":"OptimalDruk","alternateName":"Internetowa Drukarnia Cyfrowa","url":"https:\/\/optimaldruk.com\/","logo":{"@type":"ImageObject","inLanguage":"pl-PL","@id":"https:\/\/optimaldruk.com\/#\/schema\/logo\/image\/","url":"https:\/\/optimaldruk.com\/wp-content\/uploads\/2023\/10\/logo-glebia-male.jpg","contentUrl":"https:\/\/optimaldruk.com\/wp-content\/uploads\/2023\/10\/logo-glebia-male.jpg","width":157,"height":157,"caption":"OptimalDruk"},"image":{"@id":"https:\/\/optimaldruk.com\/#\/schema\/logo\/image\/"}}]}},"jetpack_sharing_enabled":true,"_links":{"self":[{"href":"https:\/\/optimaldruk.com\/index.php?rest_route=\/wp\/v2\/product\/1511","targetHints":{"allow":["GET"]}}],"collection":[{"href":"https:\/\/optimaldruk.com\/index.php?rest_route=\/wp\/v2\/product"}],"about":[{"href":"https:\/\/optimaldruk.com\/index.php?rest_route=\/wp\/v2\/types\/product"}],"replies":[{"embeddable":true,"href":"https:\/\/optimaldruk.com\/index.php?rest_route=%2Fwp%2Fv2%2Fcomments&post=1511"}],"wp:featuredmedia":[{"embeddable":true,"href":"https:\/\/optimaldruk.com\/index.php?rest_route=\/wp\/v2\/media\/1184"}],"wp:attachment":[{"href":"https:\/\/optimaldruk.com\/index.php?rest_route=%2Fwp%2Fv2%2Fmedia&parent=1511"}],"wp:term":[{"taxonomy":"product_brand","embeddable":true,"href":"https:\/\/optimaldruk.com\/index.php?rest_route=%2Fwp%2Fv2%2Fproduct_brand&post=1511"},{"taxonomy":"product_cat","embeddable":true,"href":"https:\/\/optimaldruk.com\/index.php?rest_route=%2Fwp%2Fv2%2Fproduct_cat&post=1511"},{"taxonomy":"product_tag","embeddable":true,"href":"https:\/\/optimaldruk.com\/index.php?rest_route=%2Fwp%2Fv2%2Fproduct_tag&post=1511"}],"curies":[{"name":"wp","href":"https:\/\/api.w.org\/{rel}","templated":true}]}}